{"id":765,"date":"2023-12-17T17:33:25","date_gmt":"2023-12-17T15:33:25","guid":{"rendered":"https:\/\/blog.joraschky.de\/?page_id=765"},"modified":"2023-12-17T17:33:25","modified_gmt":"2023-12-17T15:33:25","slug":"restauration-fuba-antennen","status":"publish","type":"page","link":"https:\/\/blog.joraschky.de\/?page_id=765","title":{"rendered":"Restauration FUBA Antennen"},"content":{"rendered":"\n<h2>DIE Seite f\u00fcr alle, die Informationen zu den bei Audi verbauten FUBA Antennen suchen.<br><\/h2>\n\n\n\n<p>In den 80er und 90er Jahren wurden bei Audi in verschiedenen Modellen Antennen von FUBA Automotive verbaut. Die Besonderheit dieser Antennen liegt darin, dass das Teleskop nur 40cm kurz ist. Normalerweise ist das ca. 1m lang, wodurch manches Auto aber auch den Eindruck erweckt, als sei es ferngesteuert <img loading=\"lazy\" height=\"16\" width=\"16\" alt=\"?\" src=\"https:\/\/static.xx.fbcdn.net\/images\/emoji.php\/v9\/t57\/1\/16\/1f609.png\"> <\/p>\n\n\n\n<p>Es gibt diese Antennen sowohl manuell zum rausziehen als auch mit Motorantrieb und beide Varianten mit Verschraubung oder auch mit einer Gummit\u00fclle. Der Verst\u00e4rker scheint immer das gleiche Modell zu sein (zumindest sind optisch keine Unterschiede erkennbar), der Antrieb ist auch bis auf Kleinigkeiten auch immer gleich aufgebaut. <\/p>\n\n\n\n<p>Laut Ersatzteilkatalog sind die Antennen seit 1997 entfallen, was den Umkehrschluss zul\u00e4sst, dass die j\u00fcngsten Modelle nunmehr (Stand 2023) 26 Jahre alt sind . Da verwundert es nicht, dass alle Antennen mehr oder weniger Alterungserscheinungen aufweisen, wobei manche Fehler nur teilweise auftreten, andere hingegen immer. <\/p>\n\n\n\n<p>Ich befasse mich seit ein paar Jahren mit der Instandsetzung dieser Antennen und f\u00fchre hier ein paar Beispiele an, was man nach dem \u00d6ffnen so finden kann und warum ich es als mindestens schwierig ansehe, eine solche Antenne in einem <strong>nicht<\/strong>-\u00fcberarbeiteten Zustand zu erwerben.<\/p>\n\n\n\n<p>Da Facebook mal wieder irgendeinen Bl\u00f6dsinn \u00e4ndert und ich die Administration da gelinde gesagt zum brechen finde, ziehe ich die Infos und Beitr\u00e4ge nach und nach auf meinen Blog um. Hier kann ich die Beitr\u00e4ge so gestalten, wie ich will und muss mir nicht st\u00e4ndig das Werbegefasel durchlesen. Die Facebook <a href=\"https:\/\/www.facebook.com\/Restauration.FUBA.Antennen\">Seite <\/a>an sich bleibt nat\u00fcrlich bestehen, aber dann nur noch als Verweis &#8230;<\/p>\n\n\n\n<p><\/p>\n","protected":false},"excerpt":{"rendered":"<p>DIE Seite f\u00fcr alle, die Informationen zu den bei Audi verbauten FUBA Antennen suchen. In den 80er und 90er Jahren wurden bei Audi in verschiedenen Modellen Antennen von FUBA Automotive verbaut. Die Besonderheit dieser Antennen liegt darin, dass das Teleskop nur 40cm kurz ist. Normalerweise ist das ca. 1m lang, wodurch manches Auto aber auch &hellip; <a href=\"https:\/\/blog.joraschky.de\/?page_id=765\" class=\"more-link\"><span class=\"screen-reader-text\">Restauration FUBA Antennen<\/span> weiterlesen <span class=\"meta-nav\">&rarr;<\/span><\/a><\/p>\n","protected":false},"author":2,"featured_media":767,"parent":0,"menu_order":0,"comment_status":"closed","ping_status":"closed","template":"","meta":[],"_links":{"self":[{"href":"https:\/\/blog.joraschky.de\/index.php?rest_route=\/wp\/v2\/pages\/765"}],"collection":[{"href":"https:\/\/blog.joraschky.de\/index.php?rest_route=\/wp\/v2\/pages"}],"about":[{"href":"https:\/\/blog.joraschky.de\/index.php?rest_route=\/wp\/v2\/types\/page"}],"author":[{"embeddable":true,"href":"https:\/\/blog.joraschky.de\/index.php?rest_route=\/wp\/v2\/users\/2"}],"replies":[{"embeddable":true,"href":"https:\/\/blog.joraschky.de\/index.php?rest_route=%2Fwp%2Fv2%2Fcomments&post=765"}],"version-history":[{"count":5,"href":"https:\/\/blog.joraschky.de\/index.php?rest_route=\/wp\/v2\/pages\/765\/revisions"}],"predecessor-version":[{"id":775,"href":"https:\/\/blog.joraschky.de\/index.php?rest_route=\/wp\/v2\/pages\/765\/revisions\/775"}],"wp:featuredmedia":[{"embeddable":true,"href":"https:\/\/blog.joraschky.de\/index.php?rest_route=\/wp\/v2\/media\/767"}],"wp:attachment":[{"href":"https:\/\/blog.joraschky.de\/index.php?rest_route=%2Fwp%2Fv2%2Fmedia&parent=765"}],"curies":[{"name":"wp","href":"https:\/\/api.w.org\/{rel}","templated":true}]}}