{"id":651,"date":"2020-03-19T08:00:00","date_gmt":"2020-03-19T06:00:00","guid":{"rendered":"https:\/\/blog.joraschky.de\/?page_id=651"},"modified":"2020-03-19T21:27:12","modified_gmt":"2020-03-19T19:27:12","slug":"und-wie-war-die-zweite-woche","status":"publish","type":"page","link":"https:\/\/blog.joraschky.de\/?page_id=651","title":{"rendered":"Und? Wie war die zweite Woche?"},"content":{"rendered":"\n<p>Och, was soll ich sagen? Unspektakul\u00e4r trifft es meiner Ansicht nach am Besten, die ganz gro\u00dfen \u00dcberraschungen sind schon alle da gewesen und irgendwie muss man sich ja auch mal mit dem einkehrenden Alltag arrangieren.<\/p>\n\n\n\n<p>Zu diesem Alltag geh\u00f6rt beispielsweise, dass sich meine Augen anscheinend an die Startschwierigkeiten gew\u00f6hnt haben und keinerlei Anstalten machen, dass das mal aufh\u00f6rt. Nein, wie schon mal erw\u00e4hnt, bin ich nicht der geduldigsten einer &#8211; die Entwicklung verl\u00e4uft wie sie soll und die Hornhaut braucht einfach Zeit, um Millieu-technisch wieder auf den normalen Stand zu kommen. In dem Hohlraum, den das entfernte Lentikel hinterl\u00e4sst, hat sich Wasser eingelagert, welches halt resorbiert werden muss.<\/p>\n\n\n\n<p>Die beschriebenen Startschwierigkeiten beziehen sich in erster Linie auf verst\u00e4rkte Unsch\u00e4rfe in der Nah-Sicht. Das hei\u00dft jetzt nicht, dass man nichts sieht, sondern eher, dass die Fokussierungsm\u00f6glichkeiten morgens anders sind als tags\u00fcber oder abends. Ganz so, als m\u00fcssten sich die Okkul\u00fcten t\u00e4glich wieder in Erinnerung rufen &#8222;Ach ja, wir sind ja da um SCHARF zu sehen&#8220;.<br>Ob das mit dem Eintr\u00e4ufeln der Tr\u00e4nenersatzfl\u00fcssigkeit (da ist sie wieder \ud83d\ude09 ) zu tun hat  oder mit den sich \u00fcber den Tag \u00e4ndernden Lichtverh\u00e4ltnissen oder ob es einfach an der Gew\u00f6hnung liegt, dass die Augen arbeiten m\u00fcssen? Ich kann das leider noch nicht zuordnen. Es zeigt sich lediglich, dass eine Lesebrille f\u00fcr diese F\u00e4lle definitiv Abhilfe schafft. Und daf\u00fcr reichen aktuell die Billig-Dinger aus der Drogerie &#8211; aber bitte mit dem kleinstm\u00f6glichen Wert anfangen, die Augen sollen ja noch bitte etwas zu tun haben &#8230;<\/p>\n\n\n\n<p>Aber noch komme ich den gro\u00dfen Teil des Tages tats\u00e4chlich ohne aus &#8211; und der Arm reicht l\u00e4ngentechnisch auch noch locker f\u00fcr die Betrachtung des mobilen Displays. Auff\u00e4llig ist allerdings, dass ich kontinuierlich mit dem rechten Auge besser sehen kann als mit dem linken.  Da sich das aber \u00fcber den gesamten Sch\u00e4rfebereich erstreckt und ich auch links einen deutlicheren Schleier erkennen kann als rechts, messe ich dem aktuell keine gr\u00f6\u00dfere Bedeutung bei.<\/p>\n\n\n\n<p>Vielmehr sind die Freiheitsgrade, die einem durch ein Leben ohne Brille erm\u00f6glicht werden, unfassbar. Am Sonntag haben wir die erste Tour mit dem Rad gemacht &#8211; mein bester Freund, unsere Frauen und ich &#8211; und es war recht windig. Aber anders als mit Kontaktlinsen hatte ich keine Probleme mit zu trockenen Augen oder einem daraus resultierenden Fremdk\u00f6rpergef\u00fchl. Nat\u00fcrlich bin ich mit meiner speziellen Fahrrad-Brille gefahren, um den Wind weitestgehend abzuhalten. Sie bietet die M\u00f6glichkeit, mit einem speziellen Clip geschliffene Gl\u00e4ser hinter die get\u00f6nten zu bringen, damit man als Kurzsichtiger auch sieht, was sich auf der Stra\u00dfe abspielt. Diesen Clip kann man wahlweise ganz einfach ausbauen, wenn man zum Beispiel mit Kontaktlinsen fahren m\u00f6chte. <br><br>Mit diesem Clip hatte ich vergleichbaren Komfort wie jetzt mit den gelaserten Augen, mit Kontaktlinsen aber nie, so dass ich h\u00e4ufig lieber mit Clip als mit Linsen gefahren bin.  Mit allen Konsequenzen:<\/p>\n\n\n\n<ul><li>nichts mehr sehen, wenn man irgendwo einkehrt, weil die Brille beschl\u00e4gt<\/li><li>bescheuert aussehen, weil man in der Gastst\u00e4tte die get\u00f6nten Gl\u00e4ser raus nimmt, um \u00fcberhaupt etwas zu sehen und man nun die Gl\u00e4ser in dem merkw\u00fcrdigen Clip sieht<\/li><li>Fettfingern auf dem Glas, wenn man danach alles wieder zusammenfummeln muss<\/li><li>muss ich noch mehr auff\u00fchren? Ich denke, jeder, der eine Fernsicht-Brille zum Radfahren braucht, wei\u00df, wie nervt\u00f6tend die sein kann.<\/li><\/ul>\n\n\n\n<p>Gestern war aber noch besser:<br>Aufgrund der Virus-Situation hatte ich zwei Tage zuhause gewonnen und daher gleich das super Wetter ausgenutzt, um mal wieder richtig Gas zu geben. Ich vermisse jetzt schon mein (in der Tat sinnvollerweise) geschlossenes Fitness-Studio, aber ich bin bei gutem Wetter sowieso lieber drau\u00dfen auf dem Rad unterwegs und tobe mich damit aus. Also, es war wieder windig, dadurch war ich mal langsam, mal schnell unterwegs, und das extendiert auf gut 45km. Und was soll ich sagen &#8211; gro\u00dfartig trifft es nicht ann\u00e4hernd! Zwischendurch habe ich eine kurze Pause eingelegt, um etwas zu trinken und auch um meinen Augen etwas Feuchtigkeit zu spenden, wobei das eher prophylaktisch und nicht zwingend notwendig war. Aber in der Summe einfach toll. Der Blick auf das Handydisplay wird lediglich etwas erschwert, weil die dunklen Gl\u00e4ser meiner Fahrradbrille sich mit dem nachwievor vorhandenen Schleier auf meinen Augen addieren. Aber erschweren hei\u00dft nicht, dass man das nicht ablesen kann, was da gezeigt wird &#8211; man braucht nur etwas l\u00e4nger f\u00fcr die richtige Fokussierung. <\/p>\n\n\n\n<p>Bleibt demnach weiter abzuwarten, wie sich alles entwickelt. Aufgrund der aktuellen Dynamik rund um dem Globus und insbesondere in Deutschland bin ich nat\u00fcrlich heile froh, dass schon alle dringlichen Untersuchungen etc. abgeschlossen sind. Es stehen lediglich Nachuntersuchungen Mitte April und Anfang Juni an. Und wenn bis dahin nicht manche vollkommen verbl\u00f6deten Mitmenschen das Gesundheitssystem generell zum Kollaps gebracht haben,  hoffe ich darauf, die Termine einhalten zu k\u00f6nnen. By the way &#8211; hat man eigentlich den Einfluss des Virus&#8216; auf das Gehirn mancher Menschen untersucht? Ich bin der Auffassung, dass es durchaus den restlichen Verstand lahm legt oder zumindest dessen Verwendung stark einschr\u00e4nkt, wenn ich mir das Verhalten mancher in den Superm\u00e4rkten anschaue. Aber, ich schweife ab &#8230;  von daher: Bleiben Sie gesund, mir und meinem Blog treu und empfehlen Sie das <a rel=\"noreferrer noopener\" aria-label=\" (\u00f6ffnet in neuem Tab)\" href=\"https:\/\/www.refraktives-zentrum.de\/smile-lasik\/\" target=\"_blank\">Zentrum <\/a>und meine geistigen Erg\u00fcsse weiter. Es k\u00f6nnte helfen \ud83d\ude42 <\/p>\n\n\n\n<p><\/p>\n","protected":false},"excerpt":{"rendered":"<p>Och, was soll ich sagen? Unspektakul\u00e4r trifft es meiner Ansicht nach am Besten, die ganz gro\u00dfen \u00dcberraschungen sind schon alle da gewesen und irgendwie muss man sich ja auch mal mit dem einkehrenden Alltag arrangieren. Zu diesem Alltag geh\u00f6rt beispielsweise, dass sich meine Augen anscheinend an die Startschwierigkeiten gew\u00f6hnt haben und keinerlei Anstalten machen, dass &hellip; <a href=\"https:\/\/blog.joraschky.de\/?page_id=651\" class=\"more-link\"><span class=\"screen-reader-text\">Und? Wie war die zweite Woche?<\/span> weiterlesen <span class=\"meta-nav\">&rarr;<\/span><\/a><\/p>\n","protected":false},"author":2,"featured_media":0,"parent":0,"menu_order":0,"comment_status":"closed","ping_status":"closed","template":"","meta":[],"_links":{"self":[{"href":"https:\/\/blog.joraschky.de\/index.php?rest_route=\/wp\/v2\/pages\/651"}],"collection":[{"href":"https:\/\/blog.joraschky.de\/index.php?rest_route=\/wp\/v2\/pages"}],"about":[{"href":"https:\/\/blog.joraschky.de\/index.php?rest_route=\/wp\/v2\/types\/page"}],"author":[{"embeddable":true,"href":"https:\/\/blog.joraschky.de\/index.php?rest_route=\/wp\/v2\/users\/2"}],"replies":[{"embeddable":true,"href":"https:\/\/blog.joraschky.de\/index.php?rest_route=%2Fwp%2Fv2%2Fcomments&post=651"}],"version-history":[{"count":9,"href":"https:\/\/blog.joraschky.de\/index.php?rest_route=\/wp\/v2\/pages\/651\/revisions"}],"predecessor-version":[{"id":663,"href":"https:\/\/blog.joraschky.de\/index.php?rest_route=\/wp\/v2\/pages\/651\/revisions\/663"}],"wp:attachment":[{"href":"https:\/\/blog.joraschky.de\/index.php?rest_route=%2Fwp%2Fv2%2Fmedia&parent=651"}],"curies":[{"name":"wp","href":"https:\/\/api.w.org\/{rel}","templated":true}]}}

<p>Och, was soll ich sagen? Unspektakulär trifft es meiner Ansicht nach am Besten, die ganz großen Überraschungen sind schon alle da gewesen und irgendwie muss man sich ja auch mal mit dem einkehrenden Alltag arrangieren.</p>



<p>Zu diesem Alltag gehört beispielsweise, dass sich meine Augen anscheinend an die Startschwierigkeiten gewöhnt haben und keinerlei Anstalten machen, dass das mal aufhört. Nein, wie schon mal erwähnt, bin ich nicht der geduldigsten einer &#8211; die Entwicklung verläuft wie sie soll und die Hornhaut braucht einfach Zeit, um Millieu-technisch wieder auf den normalen Stand zu kommen. In dem Hohlraum, den das entfernte Lentikel hinterlässt, hat sich Wasser eingelagert, welches halt resorbiert werden muss.</p>



<p>Die beschriebenen Startschwierigkeiten beziehen sich in erster Linie auf verstärkte Unschärfe in der Nah-Sicht. Das heißt jetzt nicht, dass man nichts sieht, sondern eher, dass die Fokussierungsmöglichkeiten morgens anders sind als tagsüber oder abends. Ganz so, als müssten sich die Okkulüten täglich wieder in Erinnerung rufen &#8222;Ach ja, wir sind ja da um SCHARF zu sehen&#8220;.<br>Ob das mit dem Einträufeln der Tränenersatzflüssigkeit (da ist sie wieder 😉 ) zu tun hat  oder mit den sich über den Tag ändernden Lichtverhältnissen oder ob es einfach an der Gewöhnung liegt, dass die Augen arbeiten müssen? Ich kann das leider noch nicht zuordnen. Es zeigt sich lediglich, dass eine Lesebrille für diese Fälle definitiv Abhilfe schafft. Und dafür reichen aktuell die Billig-Dinger aus der Drogerie &#8211; aber bitte mit dem kleinstmöglichen Wert anfangen, die Augen sollen ja noch bitte etwas zu tun haben &#8230;</p>



<p>Aber noch komme ich den großen Teil des Tages tatsächlich ohne aus &#8211; und der Arm reicht längentechnisch auch noch locker für die Betrachtung des mobilen Displays. Auffällig ist allerdings, dass ich kontinuierlich mit dem rechten Auge besser sehen kann als mit dem linken.  Da sich das aber über den gesamten Schärfebereich erstreckt und ich auch links einen deutlicheren Schleier erkennen kann als rechts, messe ich dem aktuell keine größere Bedeutung bei.</p>



<p>Vielmehr sind die Freiheitsgrade, die einem durch ein Leben ohne Brille ermöglicht werden, unfassbar. Am Sonntag haben wir die erste Tour mit dem Rad gemacht &#8211; mein bester Freund, unsere Frauen und ich &#8211; und es war recht windig. Aber anders als mit Kontaktlinsen hatte ich keine Probleme mit zu trockenen Augen oder einem daraus resultierenden Fremdkörpergefühl. Natürlich bin ich mit meiner speziellen Fahrrad-Brille gefahren, um den Wind weitestgehend abzuhalten. Sie bietet die Möglichkeit, mit einem speziellen Clip geschliffene Gläser hinter die getönten zu bringen, damit man als Kurzsichtiger auch sieht, was sich auf der Straße abspielt. Diesen Clip kann man wahlweise ganz einfach ausbauen, wenn man zum Beispiel mit Kontaktlinsen fahren möchte. <br><br>Mit diesem Clip hatte ich vergleichbaren Komfort wie jetzt mit den gelaserten Augen, mit Kontaktlinsen aber nie, so dass ich häufig lieber mit Clip als mit Linsen gefahren bin.  Mit allen Konsequenzen:</p>



<ul><li>nichts mehr sehen, wenn man irgendwo einkehrt, weil die Brille beschlägt</li><li>bescheuert aussehen, weil man in der Gaststätte die getönten Gläser raus nimmt, um überhaupt etwas zu sehen und man nun die Gläser in dem merkwürdigen Clip sieht</li><li>Fettfingern auf dem Glas, wenn man danach alles wieder zusammenfummeln muss</li><li>muss ich noch mehr aufführen? Ich denke, jeder, der eine Fernsicht-Brille zum Radfahren braucht, weiß, wie nervtötend die sein kann.</li></ul>



<p>Gestern war aber noch besser:<br>Aufgrund der Virus-Situation hatte ich zwei Tage zuhause gewonnen und daher gleich das super Wetter ausgenutzt, um mal wieder richtig Gas zu geben. Ich vermisse jetzt schon mein (in der Tat sinnvollerweise) geschlossenes Fitness-Studio, aber ich bin bei gutem Wetter sowieso lieber draußen auf dem Rad unterwegs und tobe mich damit aus. Also, es war wieder windig, dadurch war ich mal langsam, mal schnell unterwegs, und das extendiert auf gut 45km. Und was soll ich sagen &#8211; großartig trifft es nicht annähernd! Zwischendurch habe ich eine kurze Pause eingelegt, um etwas zu trinken und auch um meinen Augen etwas Feuchtigkeit zu spenden, wobei das eher prophylaktisch und nicht zwingend notwendig war. Aber in der Summe einfach toll. Der Blick auf das Handydisplay wird lediglich etwas erschwert, weil die dunklen Gläser meiner Fahrradbrille sich mit dem nachwievor vorhandenen Schleier auf meinen Augen addieren. Aber erschweren heißt nicht, dass man das nicht ablesen kann, was da gezeigt wird &#8211; man braucht nur etwas länger für die richtige Fokussierung. </p>



<p>Bleibt demnach weiter abzuwarten, wie sich alles entwickelt. Aufgrund der aktuellen Dynamik rund um dem Globus und insbesondere in Deutschland bin ich natürlich heile froh, dass schon alle dringlichen Untersuchungen etc. abgeschlossen sind. Es stehen lediglich Nachuntersuchungen Mitte April und Anfang Juni an. Und wenn bis dahin nicht manche vollkommen verblödeten Mitmenschen das Gesundheitssystem generell zum Kollaps gebracht haben,  hoffe ich darauf, die Termine einhalten zu können. By the way &#8211; hat man eigentlich den Einfluss des Virus&#8216; auf das Gehirn mancher Menschen untersucht? Ich bin der Auffassung, dass es durchaus den restlichen Verstand lahm legt oder zumindest dessen Verwendung stark einschränkt, wenn ich mir das Verhalten mancher in den Supermärkten anschaue. Aber, ich schweife ab &#8230;  von daher: Bleiben Sie gesund, mir und meinem Blog treu und empfehlen Sie das <a rel="noreferrer noopener" aria-label=" (öffnet in neuem Tab)" href="https://www.refraktives-zentrum.de/smile-lasik/" target="_blank">Zentrum </a>und meine geistigen Ergüsse weiter. Es könnte helfen 🙂 </p>



<p></p>

<p>Och, was soll ich sagen? Unspektakulär trifft es meiner Ansicht nach am Besten, die ganz großen Überraschungen sind schon alle da gewesen und irgendwie muss man sich ja auch mal mit dem einkehrenden Alltag arrangieren. Zu diesem Alltag gehört beispielsweise, dass sich meine Augen anscheinend an die Startschwierigkeiten gewöhnt haben und keinerlei Anstalten machen, dass &hellip; <a href="https://blog.joraschky.de/?page_id=651" class="more-link"><span class="screen-reader-text">Und? Wie war die zweite Woche?</span> weiterlesen <span class="meta-nav">&rarr;</span></a></p>
