{"id":610,"date":"2020-03-08T22:34:03","date_gmt":"2020-03-08T20:34:03","guid":{"rendered":"https:\/\/blog.joraschky.de\/?page_id=610"},"modified":"2020-03-18T19:03:57","modified_gmt":"2020-03-18T17:03:57","slug":"mein-blog","status":"publish","type":"page","link":"https:\/\/blog.joraschky.de\/","title":{"rendered":"mein Blog"},"content":{"rendered":"\n<p>Servus und herzlich willkommen. <br>Entstanden ist dieses Machwerk, weil ich eigentlich nur den Fortschritt bei meinem Cabrio bloggen wollte. Zwischendrin kam nochmal ein Beitrag zu einem ganz anderen Thema, aber ganz aktuell (M\u00e4rz 2020) habe ich meine pers\u00f6nlichen Erfahrungen mit der SMILE Laser Augen OP zusammen getragen. Oben rechts im Men\u00fc unter &#8222;Blindfisch ade&#8220; finden sich in chronologischer Reihenfolge der Werdegang, die Vorgeschichte zur OP, die Erfahrungen vor und nach der OP und die weitere Entwicklung.<\/p>\n\n\n\n<p>Als ich im Vorfeld zu dieser Art der OP Infos im Netz gesucht habe, gab es viele Beschreibungen, aber nur wenige echte Erfahrungsberichte von &#8222;Betroffenen&#8220;. Ich w\u00fcnsche mir, dass mein Bericht anderen bei der Entscheidungsfindung  hilft. Und schlimmstenfalls ist es eine hoffentlich kurzweilige Unterhaltung in der mir eigenen Art, Dinge schriftlich festzuhalten \ud83d\ude42 <\/p>\n\n\n\n<p>Ich habe bei allen Beitr\u00e4gen die Kommentarfunktion abgeschaltet, weil leider zu viele SPAM-Bots im Netz unterwegs sind, um ihren M\u00fcll zu verbreiten.<br>F\u00fcr R\u00fcckmeldungen aller Art k\u00f6nnen Sie mir gerne eine Email schreiben an <a href=\"mailto:blog@joraschky.de\">blog@joraschky.de<\/a><\/p>\n","protected":false},"excerpt":{"rendered":"<p>Servus und herzlich willkommen. Entstanden ist dieses Machwerk, weil ich eigentlich nur den Fortschritt bei meinem Cabrio bloggen wollte. Zwischendrin kam nochmal ein Beitrag zu einem ganz anderen Thema, aber ganz aktuell (M\u00e4rz 2020) habe ich meine pers\u00f6nlichen Erfahrungen mit der SMILE Laser Augen OP zusammen getragen. Oben rechts im Men\u00fc unter &#8222;Blindfisch ade&#8220; finden &hellip; <a href=\"https:\/\/blog.joraschky.de\/\" class=\"more-link\"><span class=\"screen-reader-text\">mein Blog<\/span> weiterlesen <span class=\"meta-nav\">&rarr;<\/span><\/a><\/p>\n","protected":false},"author":2,"featured_media":0,"parent":0,"menu_order":0,"comment_status":"closed","ping_status":"closed","template":"","meta":[],"_links":{"self":[{"href":"https:\/\/blog.joraschky.de\/index.php?rest_route=\/wp\/v2\/pages\/610"}],"collection":[{"href":"https:\/\/blog.joraschky.de\/index.php?rest_route=\/wp\/v2\/pages"}],"about":[{"href":"https:\/\/blog.joraschky.de\/index.php?rest_route=\/wp\/v2\/types\/page"}],"author":[{"embeddable":true,"href":"https:\/\/blog.joraschky.de\/index.php?rest_route=\/wp\/v2\/users\/2"}],"replies":[{"embeddable":true,"href":"https:\/\/blog.joraschky.de\/index.php?rest_route=%2Fwp%2Fv2%2Fcomments&post=610"}],"version-history":[{"count":2,"href":"https:\/\/blog.joraschky.de\/index.php?rest_route=\/wp\/v2\/pages\/610\/revisions"}],"predecessor-version":[{"id":649,"href":"https:\/\/blog.joraschky.de\/index.php?rest_route=\/wp\/v2\/pages\/610\/revisions\/649"}],"wp:attachment":[{"href":"https:\/\/blog.joraschky.de\/index.php?rest_route=%2Fwp%2Fv2%2Fmedia&parent=610"}],"curies":[{"name":"wp","href":"https:\/\/api.w.org\/{rel}","templated":true}]}}