{"id":552,"date":"2020-03-07T18:40:45","date_gmt":"2020-03-07T16:40:45","guid":{"rendered":"https:\/\/blog.joraschky.de\/?page_id=552"},"modified":"2020-03-08T11:44:41","modified_gmt":"2020-03-08T09:44:41","slug":"kapitel-zwei-was-bisher-geschah-kontaktlinsen-und-die-konsequenzen","status":"publish","type":"page","link":"https:\/\/blog.joraschky.de\/?page_id=552","title":{"rendered":"Was bisher geschah:  Kontaktlinsen und die Konsequenzen"},"content":{"rendered":"\n<p>Wie jede gute Geschichte, so hat auch meine nat\u00fcrlich eine Vorgeschichte, also noch bevor es wirklich ernst wurde mit der Entscheidungsf\u00e4llerei f\u00fcr lasern oder nicht. Denn wirklich angefixt wurde ich f\u00fcr gucken mit ohne Brille durch Kontaktlinsen. Wenn Sie jetzt denken &#8222;uh, DAS ist ja mal ein RICHTIGES Novum&#8220; &#8211; stimmt, f\u00fcr mich war es das vor ca. vier Jahren. Als bodenst\u00e4ndiger Westfale und Randlipper, treusorgender Ehemann und Alleinverdiener habe ich diese M\u00f6glichkeit tats\u00e4chlich schon aus Kostengr\u00fcnden nie in Betracht gezogen. Dass die daher im Laufe der Jahre tats\u00e4chlich g\u00fcnstig bis billig geworden sind, ist vollkommen an mir vorbeigelaufen. <\/p>\n\n\n\n<p>Aber, letztlich und mit steigender Sporttendenz hatte <a href=\"https:\/\/www.brillenwerker.de\/\">Mario <\/a>meine Augen wieder einmal gr\u00fcndlich auf meinen Wunsch hin untersucht und vermessen und mir Kontaktlinsen verpasst, woraufhin ich Mountainbike und Ski gefahren bin. Das war mal eine ganz neue Erfahrung! Aus der K\u00e4lte ins Warme gehen und sofort etwas sehen &#8211; ohne 2-3 Minuten warten zu m\u00fcssen, bis sich die Gl\u00e4ser akklimatisiert haben. Oder einfach mal den Schwei\u00df von der Stirn wischen, ohne die Brille zu verschieben. <\/p>\n\n\n\n<p>Aber wie immer hat alles zwei Seiten:<br>Mario hatte mich schon vorgewarnt und mir bei der Untersuchung eine nur geringe Tr\u00e4nenfl\u00fcssigkeit attestiert. Daher war es nicht verwunderlich, dass  ich die Linsen nur ein paar Stunden tragen konnte und manchmal auch schon nach relativ kurzer Zeit Brennen in den Augen versp\u00fcrte &#8211; da half Tr\u00e4nenfl\u00fcssigkeit aus dem Spender oft auch nur tempor\u00e4r. Ganz zu schweigen davon, dass ich auch mal mit Linsen eingeschlafen bin. Jeder, dem das auch schon mal passiert ist, wei\u00df, wie bescheiden die Situation dann ist, wenn man wieder aufwacht \ud83d\ude09<br>Weil das aber noch nicht reicht, kam noch eine zeitweise Unvertr\u00e4glichkeit der Reinigungsfl\u00fcssigkeit hinzu , so dass ich letztlich von Monats- auf Tageslinsen gewechselt habe, um \u00fcberhaupt noch Linsen tragen zu k\u00f6nnen.<\/p>\n\n\n\n<p>Also blieb nur die Anschaffung einer zus\u00e4tzlichen Sportbrille, damit die Alltagsbrille keinen Schaden nimmt. Und dann braucht man ja nat\u00fcrlich auch noch eine Sonnenbrille mit geschliffenen Gl\u00e4sern. Ach ja, und noch die spezielle Fahrradbrille &#8211; das ist ein ziemlich geniales Modell von Nike, bei dem ein Clip auf der Innenseite der eingef\u00e4rbten Schutzgl\u00e4ser sitzt und geschliffene Gl\u00e4ser aufnehmen kann. Damit kann man die Schutzgl\u00e4ser dem Umgebungslicht anpassen und austauschen, aber immer vern\u00fcnftig sehen. Das sind ja dann in Summe nur vier Brillen. \u00d6mmmm &#8211; nein, stimmt immer noch nicht, da war ja noch die Sonnenbrille <strong>ohne <\/strong>geschliffene Gl\u00e4ser, die ich dann tragen konnte, wenn ich Linsen drin hatte. Also doch insgesamt f\u00fcnf. <\/p>\n\n\n<p><!--EndFragment--><\/p>\n<p><\/p>","protected":false},"excerpt":{"rendered":"<p>Wie jede gute Geschichte, so hat auch meine nat\u00fcrlich eine Vorgeschichte, also noch bevor es wirklich ernst wurde mit der Entscheidungsf\u00e4llerei f\u00fcr lasern oder nicht. Denn wirklich angefixt wurde ich f\u00fcr gucken mit ohne Brille durch Kontaktlinsen. Wenn Sie jetzt denken &#8222;uh, DAS ist ja mal ein RICHTIGES Novum&#8220; &#8211; stimmt, f\u00fcr mich war es &hellip; <a href=\"https:\/\/blog.joraschky.de\/?page_id=552\" class=\"more-link\"><span class=\"screen-reader-text\">Was bisher geschah:  Kontaktlinsen und die Konsequenzen<\/span> weiterlesen <span class=\"meta-nav\">&rarr;<\/span><\/a><\/p>\n","protected":false},"author":2,"featured_media":0,"parent":546,"menu_order":20,"comment_status":"closed","ping_status":"closed","template":"","meta":[],"_links":{"self":[{"href":"https:\/\/blog.joraschky.de\/index.php?rest_route=\/wp\/v2\/pages\/552"}],"collection":[{"href":"https:\/\/blog.joraschky.de\/index.php?rest_route=\/wp\/v2\/pages"}],"about":[{"href":"https:\/\/blog.joraschky.de\/index.php?rest_route=\/wp\/v2\/types\/page"}],"author":[{"embeddable":true,"href":"https:\/\/blog.joraschky.de\/index.php?rest_route=\/wp\/v2\/users\/2"}],"replies":[{"embeddable":true,"href":"https:\/\/blog.joraschky.de\/index.php?rest_route=%2Fwp%2Fv2%2Fcomments&post=552"}],"version-history":[{"count":4,"href":"https:\/\/blog.joraschky.de\/index.php?rest_route=\/wp\/v2\/pages\/552\/revisions"}],"predecessor-version":[{"id":591,"href":"https:\/\/blog.joraschky.de\/index.php?rest_route=\/wp\/v2\/pages\/552\/revisions\/591"}],"up":[{"embeddable":true,"href":"https:\/\/blog.joraschky.de\/index.php?rest_route=\/wp\/v2\/pages\/546"}],"wp:attachment":[{"href":"https:\/\/blog.joraschky.de\/index.php?rest_route=%2Fwp%2Fv2%2Fmedia&parent=552"}],"curies":[{"name":"wp","href":"https:\/\/api.w.org\/{rel}","templated":true}]}}

<p>Wie jede gute Geschichte, so hat auch meine natürlich eine Vorgeschichte, also noch bevor es wirklich ernst wurde mit der Entscheidungsfällerei für lasern oder nicht. Denn wirklich angefixt wurde ich für gucken mit ohne Brille durch Kontaktlinsen. Wenn Sie jetzt denken &#8222;uh, DAS ist ja mal ein RICHTIGES Novum&#8220; &#8211; stimmt, für mich war es das vor ca. vier Jahren. Als bodenständiger Westfale und Randlipper, treusorgender Ehemann und Alleinverdiener habe ich diese Möglichkeit tatsächlich schon aus Kostengründen nie in Betracht gezogen. Dass die daher im Laufe der Jahre tatsächlich günstig bis billig geworden sind, ist vollkommen an mir vorbeigelaufen. </p>



<p>Aber, letztlich und mit steigender Sporttendenz hatte <a href="https://www.brillenwerker.de/">Mario </a>meine Augen wieder einmal gründlich auf meinen Wunsch hin untersucht und vermessen und mir Kontaktlinsen verpasst, woraufhin ich Mountainbike und Ski gefahren bin. Das war mal eine ganz neue Erfahrung! Aus der Kälte ins Warme gehen und sofort etwas sehen &#8211; ohne 2-3 Minuten warten zu müssen, bis sich die Gläser akklimatisiert haben. Oder einfach mal den Schweiß von der Stirn wischen, ohne die Brille zu verschieben. </p>



<p>Aber wie immer hat alles zwei Seiten:<br>Mario hatte mich schon vorgewarnt und mir bei der Untersuchung eine nur geringe Tränenflüssigkeit attestiert. Daher war es nicht verwunderlich, dass  ich die Linsen nur ein paar Stunden tragen konnte und manchmal auch schon nach relativ kurzer Zeit Brennen in den Augen verspürte &#8211; da half Tränenflüssigkeit aus dem Spender oft auch nur temporär. Ganz zu schweigen davon, dass ich auch mal mit Linsen eingeschlafen bin. Jeder, dem das auch schon mal passiert ist, weiß, wie bescheiden die Situation dann ist, wenn man wieder aufwacht 😉<br>Weil das aber noch nicht reicht, kam noch eine zeitweise Unverträglichkeit der Reinigungsflüssigkeit hinzu , so dass ich letztlich von Monats- auf Tageslinsen gewechselt habe, um überhaupt noch Linsen tragen zu können.</p>



<p>Also blieb nur die Anschaffung einer zusätzlichen Sportbrille, damit die Alltagsbrille keinen Schaden nimmt. Und dann braucht man ja natürlich auch noch eine Sonnenbrille mit geschliffenen Gläsern. Ach ja, und noch die spezielle Fahrradbrille &#8211; das ist ein ziemlich geniales Modell von Nike, bei dem ein Clip auf der Innenseite der eingefärbten Schutzgläser sitzt und geschliffene Gläser aufnehmen kann. Damit kann man die Schutzgläser dem Umgebungslicht anpassen und austauschen, aber immer vernünftig sehen. Das sind ja dann in Summe nur vier Brillen. Ömmmm &#8211; nein, stimmt immer noch nicht, da war ja noch die Sonnenbrille <strong>ohne </strong>geschliffene Gläser, die ich dann tragen konnte, wenn ich Linsen drin hatte. Also doch insgesamt fünf. </p>


<p><!--EndFragment--></p>
<p></p>

<p>Wie jede gute Geschichte, so hat auch meine natürlich eine Vorgeschichte, also noch bevor es wirklich ernst wurde mit der Entscheidungsfällerei für lasern oder nicht. Denn wirklich angefixt wurde ich für gucken mit ohne Brille durch Kontaktlinsen. Wenn Sie jetzt denken &#8222;uh, DAS ist ja mal ein RICHTIGES Novum&#8220; &#8211; stimmt, für mich war es &hellip; <a href="https://blog.joraschky.de/?page_id=552" class="more-link"><span class="screen-reader-text">Was bisher geschah:  Kontaktlinsen und die Konsequenzen</span> weiterlesen <span class="meta-nav">&rarr;</span></a></p>
