{"id":204,"date":"2014-10-04T12:09:50","date_gmt":"2014-10-04T10:09:50","guid":{"rendered":"http:\/\/blog.joraschky.de\/?page_id=204"},"modified":"2020-03-08T22:45:19","modified_gmt":"2020-03-08T20:45:19","slug":"impressum","status":"publish","type":"page","link":"https:\/\/blog.joraschky.de\/?page_id=204","title":{"rendered":"Impressum"},"content":{"rendered":"<h2>Angaben gem\u00e4\u00df \u00a7 5 TMG:<\/h2>\n<p>Boris Michael Joraschky<br>\nIm Nordfeld 59a<br>\n59329 Wadersloh<\/p>\n<h2>Kontakt:<\/h2>\n<table>\n<tbody>\n<tr>\n<td>Telefon:<\/td>\n<td>nulleinssiebennullneuneunf\u00fcnf\u00fcnfachtachtvier<\/td>\n<\/tr>\n<tr>\n<td>E-Mail:<\/td>\n<td>nospam@joraschky.de<\/td>\n<\/tr>\n<\/tbody>\n<\/table>\n<h2>Verantwortlich f\u00fcr den Inhalt nach \u00a7 55 Abs. 2 RStV:<\/h2>\n<p>Boris Joraschky, Im Nordfeld 59a, 59329 Wadersloh<\/p>\n<p>&nbsp;<\/p>\n<p>Quelle: <em><a href=\"http:\/\/www.e-recht24.de\/impressum-generator.html\">http:\/\/www.e-recht24.de<\/a><\/em><\/p>\n\n\n<p>Zum Thema DSGVO:<br>Ich lasse prinzipiell keine Kommentare zu, die Funktion ist vollst\u00e4ndig deaktiviert. Ich verwende keine Plugins oder \u00e4hnliche Gimmicks, die irgendwelche Daten sammeln  oder mir zur Verf\u00fcgung stellen. Ich will hier nur informieren, sonst nix.<\/p>\n","protected":false},"excerpt":{"rendered":"<p>Angaben gem\u00e4\u00df \u00a7 5 TMG: Boris Michael Joraschky Im Nordfeld 59a 59329 Wadersloh Kontakt: Telefon: nulleinssiebennullneuneunf\u00fcnf\u00fcnfachtachtvier E-Mail: nospam@joraschky.de Verantwortlich f\u00fcr den Inhalt nach \u00a7 55 Abs. 2 RStV: Boris Joraschky, Im Nordfeld 59a, 59329 Wadersloh &nbsp; Quelle: http:\/\/www.e-recht24.de Zum Thema DSGVO:Ich lasse prinzipiell keine Kommentare zu, die Funktion ist vollst\u00e4ndig deaktiviert. Ich verwende keine Plugins &hellip; <a href=\"https:\/\/blog.joraschky.de\/?page_id=204\" class=\"more-link\"><span class=\"screen-reader-text\">Impressum<\/span> weiterlesen <span class=\"meta-nav\">&rarr;<\/span><\/a><\/p>\n","protected":false},"author":2,"featured_media":0,"parent":0,"menu_order":100,"comment_status":"closed","ping_status":"closed","template":"","meta":[],"_links":{"self":[{"href":"https:\/\/blog.joraschky.de\/index.php?rest_route=\/wp\/v2\/pages\/204"}],"collection":[{"href":"https:\/\/blog.joraschky.de\/index.php?rest_route=\/wp\/v2\/pages"}],"about":[{"href":"https:\/\/blog.joraschky.de\/index.php?rest_route=\/wp\/v2\/types\/page"}],"author":[{"embeddable":true,"href":"https:\/\/blog.joraschky.de\/index.php?rest_route=\/wp\/v2\/users\/2"}],"replies":[{"embeddable":true,"href":"https:\/\/blog.joraschky.de\/index.php?rest_route=%2Fwp%2Fv2%2Fcomments&post=204"}],"version-history":[{"count":4,"href":"https:\/\/blog.joraschky.de\/index.php?rest_route=\/wp\/v2\/pages\/204\/revisions"}],"predecessor-version":[{"id":615,"href":"https:\/\/blog.joraschky.de\/index.php?rest_route=\/wp\/v2\/pages\/204\/revisions\/615"}],"wp:attachment":[{"href":"https:\/\/blog.joraschky.de\/index.php?rest_route=%2Fwp%2Fv2%2Fmedia&parent=204"}],"curies":[{"name":"wp","href":"https:\/\/api.w.org\/{rel}","templated":true}]}}